e units digit of j(c)?
7
Let n = -316 - -572. Suppose 5*p + 46 = n. What is the tens digit of p?
4
What is the units digit of 2*11 - (-17 + 17)?
2
Let r = -11 + 7. Let w = r - -4. Suppose 4*o - 6 + 2 = w. What is the units digit of o?
1
Suppose -6*w - 6 = -3*w. Let y = w + 5. Suppose -7 - 11 = -y*g. What is the units digit of g?
6
Let j = 86 - 85. What is the units digit of j?
1
Suppose 2*j + 5*g = -0*j + 16, g = 2. Suppose -w + 49 = 3*p, 3*w - 2 = -j*p + 55. What is the tens digit of ((-42)/p)/((-1)/5)?
1
Suppose -2*r = -0*r - f - 8, 5*r = -f + 20. Suppose -x + 5*b = -54 - 10, -x + r*b = -59. What is the tens digit of x?
3
Suppose -5*j + 10 = -3*d, -5*d + 0*d + 3*j = 6. Suppose d = -2*z - 0*z. Suppose 4*n + 20 = z, -2*r - 2*n - n - 7 = 0. What is the units digit of r?
4
Suppose 0 = -6*m + 8*m - 184. What is the tens digit of m?
9
Suppose -4*z = -3*d - 0*d + 27, 0 = -5*z + 15. Suppose 3 = 4*c - d. What is the units digit of ((-11)/(-2))/(2/c)?
1
Suppose 0 = -4*d + 4*h + 652, -6*d - 2*h - 642 = -10*d. What is the hundreds digit of d?
1
Suppose 3*a - a = 0. Suppose -5*n + 0*n = 0, -3*z + 2*n + 9 = a. Suppose -5*k = 17 + 8, -z*u - 2*k + 38 = 0. What is the units digit of u?
6
Let c be ((-45)/(-2) + -2)*2. Let u = c - 25. What is the units digit of u?
6
Let f(m) = 6*m + 14. What is the tens digit of f(7)?
5
Let d(s) = 3*s**2 + 8*s - 1. Let z(m) = -10*m**2 - 25*m + 4. Let l(i) = -7*d(i) - 2*z(i). Let a be 13/(-3) + 4/(-6). What is the units digit of l(a)?
4
Let c(v) = v**3 - 3*v**2 - 5*v. Let a = 10 + -5. What is the tens digit of c(a)?
2
Suppose -j + 42 = 4*s + 2, j = 4*s - 40. Let q(v) = -v**2 + 11*v - 7. What is the units digit of q(s)?
3
Let d(z) = z**2 - z + 18. What is the tens digit of d(6)?
4
Suppose 5*o - 2*o + 3 = -4*p, 4*p = o + 1. Let t = o + 30. What is the tens digit of t?
2
Suppose -4*q + 2 = -3*q. Let d = q - -14. What is the units digit of d?
6
Let a be 2/4 - (-39)/2. Suppose -5*c - 5*k - a - 10 = 0, -k - 13 = 2*c. Let j = -1 - c. What is the units digit of j?
6
Suppose -26*x + 1113 = -19*x. What is the hundreds digit of x?
1
Let i(o) be the second derivative of -3*o**3 + o**2 + 7*o. What is the tens digit of i(-1)?
2
Let a = 24 + -16. What is the units digit of a?
8
Let a be (-1 + -17)*(1 - 0). What is the units digit of a/8*(-48)/9?
2
What is the units digit of (-4 - -5)/1 - -67?
8
Suppose -2*v - 16 = 3*d, -2 = -2*v - 6. What is the units digit of 1 - 0 - d/2?
3
Let c = 420 - 212. What is the tens digit of c?
0
What is the tens digit of -5*(-4 + 2 + -11)?
6
Suppose 3 = 3*o - 15. What is the units digit of o?
6
Let i(w) = w + 15. Suppose -7 - 13 = 2*f. Let r be i(f). Suppose 0*a + r*a = 35. What is the units digit of a?
7
Suppose 3*q + 24 = 5*p, 26 + 10 = 5*p + 3*q. What is the units digit of p?
6
Suppose 2*j - 2*i - 734 = 0, -j - 2*j = 2*i - 1126. What is the hundreds digit of j?
3
Suppose 8 = 4*y - c + 1, 0 = -5*y + 2*c + 8. Suppose 0 = -5*m - 5*k + 28 + y, 4*m + 5*k = 25. What is the units digit of m?
5
Suppose 0 = k + 3*k - 28. Let g(i) be the second derivative of i**4/12 - 4*i**3/3 + 4*i**2 - 5*i. What is the units digit of g(k)?
1
Suppose 167 - 407 = -4*f. Suppose -c + 5*c = 4*d - f, -c = -2*d + 27. What is the units digit of d?
2
Suppose 2*b + 108 = 2*j - 116, -j + 109 = 2*b. What is the hundreds digit of j?
1
Suppose 2*o - 4*o + 88 = 0. What is the units digit of o?
4
Let a be 4/(-2) + 3 - -68. Let n = a + -45. What is the units digit of n?
4
Let j = 4 + 68. What is the units digit of j?
2
Suppose 10 = -3*p - 14. Let t be p/(-3) - 6/9. Let r(f) = 7*f - 3. What is the tens digit of r(t)?
1
Let d = -2 - -8. Let c = -3 + d. Suppose 0 = 2*g + x - 8, -g = -3*x - c - 1. What is the units digit of g?
4
Suppose -2*o + o = 0. Suppose -5*j + 2*d + 5 + 10 = o, -4*d = 2*j - 30. Let r = j + -3. What is the units digit of r?
2
Suppose t = -t + 134. Suppose 5*c - 5*v = 85, 3*c - v = 8*c - t. What is the tens digit of c?
1
Let x be (2 + -2 + 1)*-1. What is the tens digit of 6/2 + x - -13?
1
Suppose -3*v + 4*n - 5 = -1, 4*n = -2*v + 24. What is the units digit of v?
4
Let r be ((-12)/(-8))/(3/(-28)). Let a = 23 + r. What is the units digit of a?
9
Suppose -3*p + 9*p = 150. What is the tens digit of p?
2
Let k(w) = -w. Let d be k(-5). Suppose 10 = -2*s, 4*o = 2*o - 5*s - 19. Suppose -d*n + 23 = o. What is the units digit of n?
4
Suppose -5*l = -3*j - 23, 5*j + 2*l = 30 - 120. Let x = j + 27. What is the units digit of x?
1
Suppose 0 = -f - 0*f. Suppose 46 = -f*s + 2*s. What is the units digit of s?
3
Let l = 11 - 8. Suppose -l*t - t + 14 = 2*n, -6 = 2*n. Suppose t*u = u + 16. What is the units digit of u?
4
Suppose 0 = 2*f - 97 - 15. What is the tens digit of f?
5
Let b = 13 + -8. Suppose 237 = 5*u - s, b*u + s - 243 = 5*s. Let x = u - 32. What is the tens digit of x?
1
What is the tens digit of (-126)/27*-3*23?
2
Let r(g) = 6*g**3 + 20*g**2 + 31*g - 46. Let w(t) = -t**3 - 4*t**2 - 6*t + 9. Let i(f) = 2*r(f) + 11*w(f). Let d = -9 + 14. What is the units digit of i(d)?
2
Suppose 12 + 8 = 5*p. Suppose a + 3 = p. What is the units digit of a?
1
Let s be 3/(-1)*28/6. Let t = -13 - s. What is the units digit of t?
1
Let a = 25 + 12. What is the tens digit of a?
3
Let y be 0/((2 + -5)/(-3)). Suppose -v + l - 5 = 0, v + y*l + l = 3. What is the units digit of ((-7)/((-21)/(-18)))/v?
6
Let t(l) = -l**2 + 8*l - 7. Let k be t(8). Let p(s) = -s + 3. What is the tens digit of p(k)?
1
Suppose -2*h = 5*v + 146, 5*v - h + 143 = -2*h. Let p = v - -43. What is the tens digit of p?
1
Suppose 3*k + 9 = 4*o, 2*k + 9 = -2*o - k. Suppose -2*m + 0*m + 128 = o. Suppose -3*j + m = j. What is the tens digit of j?
1
Let s(j) = j**3 - 20*j**2 - 20*j - 7. What is the tens digit of s(21)?
1
What is the units digit of (13 - 1 - 1)*1?
1
What is the units digit of (-1 - -3)*183/6?
1
Suppose -5*z + 151 = -3*o, -o - 143 = -4*z - 6*o. Suppose 3*j = -5*g + z + 16, -g = -3*j + 48. What is the tens digit of j?
1
Let i = 17 - 15. Suppose 6*b = i*a + 2*b - 88, 3*b = -6. What is the units digit of a?
0
Suppose 2*r - 5*o = 1, 5*r = 3*o - 0*o + 12. Let j = -1 - -3. Let z = r - j. What is the units digit of z?
1
Suppose 25 = 5*v, 4*g - 4*v + 4 + 4 = 0. Suppose b + g*b = 20. Suppose 1 = -b*u - 3*m, 0*m + 10 = 2*u - 4*m. What is the units digit of u?
1
Let m(y) = -3*y**2 - 3*y - 3. Let i be m(-4). What is the units digit of ((-2)/6)/1*i?
3
Suppose -4*w = -2*w + 5*n + 15, 5*w = -3*n - 28. Let d = w + 7. What is the units digit of d?
2
Suppose -3*t + 2 = 26. Let s(z) = -z**3 - 8*z**2 - 5*z + 1. What is the units digit of s(t)?
1
What is the units digit of 3*1354/18 + (-1)/(-3)?
6
Suppose 0 = 4*i - 2*t + 54, 2*i = -0*i - 5*t - 33. Let z be 4/i - 584/14. What is the units digit of (-6)/15 + z/(-5)?
8
Suppose 5*f - l = 216, 5*l - 8 = 12. What is the units digit of f?
4
Let t = 16 + -12. Suppose -t*f + 10 = -46. What is the units digit of f?
4
Suppose -9 - 11 = -5*x. Suppose 4*f + 3*p = -16, -f - 9 = p - x. What is the units digit of (-8)/f - (3 + -1)?
6
Let f(u) be the second derivative of -u**3/6 - 3*u**2 - 2*u. What is the units digit of f(-9)?
3
Suppose 4*v - 234 = -50. Let w = v + -25. What is the tens digit of w?
2
Suppose 0 = i + i. Suppose 0*q - q + 3 = i. Suppose -q*o - 1 = -16, x + 17 = 4*o. What is the units digit of x?
3
Let k = 49 - 25. What is the tens digit of k?
2
Suppose -27 = -2*r + d, -3*d - 10 - 11 = -2*r. What is the units digit of r?
5
Let n(r) = -3*r - 1. Let f(u) = -u + 12. Let g be f(7). Let o = g - 8. What is the units digit of n(o)?
8
Let m(b) = -5*b**3 - 2*b**2 - 3. What is the units digit of m(-2)?
9
Suppose 0 = -5*u + 81 + 54. What is the tens digit of u?
2
Suppose -3*l = 3*x - 33, 10 = l - 3*l. Suppose 4*p + 8 = 3*r, -7*p - 5*r = -6*p + 25. Let t = x + p. What is the units digit of t?
1
What is the hundreds digit of (1 - 471/(-6))/(2/4)?
1
Suppose 5*m - 44 = 3*m. What is the tens digit of m?
2
Suppose -2*n + 18 + 18 = 3*x, -3*n = 4*x - 49. Suppose 2*z = 2 + x. What is the units digit of z?
6
Let i(q) = -q**3 - 6*q**2 - 6. Let m be i(-6). Let c(n) = n**2 + 4*n - 5. Let b be c(m). Suppose 4*k - 47 = -b. What is the units digit of k?
0
Suppose 3*f - 21 = 2*f. What is the tens digit of (-18)/(-7)*98/f?
1
Suppose 2*p + 8 = 2*s + s, -4*s + p = -9. Let g(m) = -6*m